 - 2323032?
-2323231
In base 14, what is 765d5d5 - -1?
765d5d6
In base 15, what is 5e - 42d889?
-42d82a
In base 12, what is -20924 - -91?
-20853
In base 3, what is 10200020201102 - 20?
10200020201012
In base 16, what is -3c581 + 10e3?
-3b49e
In base 11, what is 175271 + -25?
175247
In base 10, what is -1 + 1798723?
1798722
In base 10, what is 1 - 303154?
-303153
In base 6, what is -3 + -1311135?
-1311142
In base 2, what is 1010010110 + 110110010?
10001001000
In base 16, what is -2c6d5 - -59?
-2c67c
In base 16, what is -12a + -d2c7?
-d3f1
In base 16, what is 375 - -26a?
5df
In base 8, what is 4746 - 5337?
-371
In base 15, what is 46c72 + -906?
4636b
In base 11, what is 1432 + 2748?
407a
In base 13, what is 11b6c + 61a?
12489
In base 6, what is -10 - -124215241?
124215231
In base 6, what is 115 - 1000143343?
-1000143224
In base 13, what is 1098b55 - -2?
1098b57
In base 11, what is -a6a - -62628?
61669
In base 16, what is -44c - 2127?
-2573
In base 8, what is -266305500 - 2?
-266305502
In base 14, what is -c44b437 + -4?
-c44b43b
In base 16, what is b78e - 2f?
b75f
In base 14, what is c + -151887?
-151879
In base 3, what is -1012 + -201200010?
-201201022
In base 14, what is -c9d + 1bc2?
d23
In base 5, what is -1412 - -20422122?
20420210
In base 4, what is -10022230322 + 303?
-10022230013
In base 2, what is 1101010011100010000111111101 - 11?
1101010011100010000111111010
In base 13, what is -9 + -4036b9c?
-4036ba8
In base 2, what is 111011001 + -1010010000100010?
-1010001001001001
In base 4, what is -10 + -223121210?
-223121220
In base 10, what is -289751 - 1844?
-291595
In base 10, what is -314625344 - -5?
-314625339
In base 8, what is -42306 - -13270?
-27016
In base 10, what is 28736614 + -1?
28736613
In base 10, what is -5 - -2558092?
2558087
In base 13, what is -52 + 1a45?
19c3
In base 14, what is a48db + 23?
a4920
In base 2, what is 1111101010000100010 - 101000?
1111101001111111010
In base 4, what is -33102 - -211012?
111310
In base 13, what is -2 - 164854?
-164856
In base 10, what is -743121 - 895?
-744016
In base 5, what is -11 - 14134330110?
-14134330121
In base 16, what is -69 - ae567?
-ae5d0
In base 3, what is 1202222200020 - -11?
1202222200101
In base 5, what is -103144 - -4220013?
4111314
In base 13, what is -13a + -b76a?
-b8a7
In base 9, what is 1843 - 466220?
-464266
In base 10, what is -2 - -5623914?
5623912
In base 3, what is -210120 - 22012002111?
-22012220001
In base 4, what is 320103301 + -20201?
320023100
In base 16, what is 3f5 - -5f84?
6379
In base 2, what is -11010011111011010110 - -11101?
-11010011111010111001
In base 11, what is 27468 + 51?
27509
In base 7, what is 30061 - -1646?
32040
In base 2, what is 101111011001001101 - 0?
101111011001001101
In base 6, what is 1445545 + 5?
1445554
In base 6, what is 2030102500554 - 3?
2030102500551
In base 5, what is 2140211 + 12220?
2202431
In base 2, what is -100101 + -1010000111111011110?
-1010001000000000011
In base 11, what is -2 + -139775?
-139777
In base 15, what is -8c9 + e2c?
553
In base 14, what is -10c693 - 4?
-10c697
In base 10, what is -1 - -159043252?
159043251
In base 4, what is -122221 + -1203031030?
-1203213311
In base 6, what is -34 - -3203302?
3203224
In base 6, what is -1042302054 - 43?
-1042302141
In base 12, what is 65281 + -3?
6527a
In base 6, what is 205532410404 + 4?
205532410412
In base 12, what is -13 - 35a366?
-35a379
In base 9, what is 126860 - 178?
126671
In base 9, what is -7 - 4703068?
-4703076
In base 4, what is 3002310103130 - 11?
3002310103113
In base 11, what is -118 - 9554?
-9671
In base 14, what is -5dd368 - -16?
-5dd352
In base 14, what is 17cba80 + 50?
17cbad0
In base 13, what is 1388 - 653?
a35
In base 12, what is -5 + -74b8151?
-74b8156
In base 10, what is -4 - 22547118?
-22547122
In base 11, what is 27 - -188a06?
188a32
In base 10, what is 124849 - -33?
124882
In base 8, what is -134511701 + 16?
-134511663
In base 15, what is bbd - 4cd4c?
-4c17e
In base 12, what is -205a2527 + 1?
-205a2526
In base 13, what is -3 + 9a1522?
9a151c
In base 10, what is 12 - -21392150?
21392162
In base 10, what is -244569 - -93?
-244476
In base 7, what is 13 - 204431021?
-204431005
In base 8, what is -3350 + 430056?
424506
In base 5, what is -240342 - -234?
-240103
In base 13, what is 2a3b12 - -10?
2a3b22
In base 6, what is 0 - 450555015?
-450555015
In base 8, what is 45 - -1237140?
1237205
In base 10, what is 2830147 + 184?
2830331
In base 4, what is -2032200100 - 21?
-2032200121
In base 7, what is -131320 - -105626?
-22361
In base 3, what is -2211020 - 21220021011?
-22000002101
In base 5, what is 224 - 24442141?
-24441412
In base 10, what is -7330066 + 12?
-7330054
In base 7, what is 11422304424 + 2?
11422304426
In base 14, what is -aa6bb6 + 5?
-aa6bb1
In base 16, what is 1f + -32340b?
-3233ec
In base 4, what is 11110223030 - 0?
11110223030
In base 6, what is -22424444453 + 12?
-22424444441
In base 11, what is 2 + 3560506?
3560508
In base 3, what is 10100 - 1110101100001?
-1110101012201
In base 7, what is 3154102 + 3?
3154105
In base 14, what is 5 + 59a6d3?
59a6d8
In base 9, what is -5065241 + -40?
-5065281
In base 14, what is 9 + 2aa71b5?
2aa71c0
In base 8, what is 52022 - 37647?
12153
In base 7, what is -644445201 + -5?
-644445206
In base 5, what is 11224200201 + -1?
11224200200
In base 4, what is -323303 + -303302?
-1233211
In base 2, what is 1010 - -11111000001110101001?
11111000001110110011
In base 2, what is 101001010101110 + -11001000000?
100110001101110
In base 11, what is 447 - 12853?
-12407
In base 15, what is 5 + -817a19?
-817a14
In base 15, what is 66005e - -3?
660062
In base 13, what is 257626 - -37a?
2579a3
In base 6, what is -12 + -22035435055?
-22035435111
In base 13, what is 5c7 + 700b?
7605
In base 16, what is 51f - -6df34?
6e453
In base 13, what is 48 - 220acb?
-220a83
In base 11, what is -732a302 - 3?
-732a305
In base 12, what is 4 - 1519aab?
-1519aa7
In base 11, what is -15a3260 + 7?
-15a3254
In base 5, what is -1420413 - -2430?
-1412433
In base 9, what is 24603 - -286?
25000
In base 3, what is 2020211 + 20210111?
100001022
In base 13, what is -61861 + 2c?
-61832
In base 7, what is 31134 - 12644?
15160
In base 9, what is -415 - -337450?
337034
In base 16, what is aa1f0 + -1c2?
aa02e
In base 13, what is 261 + 2095?
2326
In base 11, what is 34 + a04605?
a04639
In base 14, what is 2566a22 - 3?
2566a1d
In base 13, what is 1 - -66639?
6663a
In base 7, what is 334660 + 23?
335013
In base 3, what is 200220210 + 21101?
201012011
In base 5, what is 14124 - -34410300?
34424424
In base 15, what is -55a32 - -d?
-55a24
In base 16, what is -136c31c - c?
-136c328
In base 4, what is 20200 - -103200?
130000
In base 10, what is -348 + -260153?
-260501
In base 9, what is -3401513 + -11?
-3401524
In base 4, what is -21022001 - 2010132?
-23032133
In base 3, what is -2000 - -2021011012?
2021002012
In base 11, what is -11627332 + -2?
-11627334
In base 16, what is -10 + 1fdcc?
1fdbc
In base 9, what is -1 + 2015380?
2015378
In base 14, what is -15a + -1cb8?
-2034
In base 9, what is 64650 + 1412?
66162
In base 7, what is -145011 - 24430?
-202441
In base 6, what is 13443 - -4052215?
4110102
In base 3, what is -22 + -212002222?
-212010021
In base 5, what is -1033 + 1433311?
1432223
In base 6, what is -413 + 135440?
135023
In base 10, what is -2984724 + -1?
-2984725
In base 10, what is -23876801 - -4?
-23876797
In base 6, what is -103 + -3324300335?
-3324300442
In base 13, what is b7319a - -b2?
b7327c
In base 7, what is -6 + -6646240?
-6646246
In base 16, what is 3153481 + -3?
315347e
In base 2, what is 110100 + 100011000111110101?
100011001000101001
In base 15, what is e1207 - 9d?
e1159
In base 11, what is -18014 + -120?
-18134
In base 8, what is 43302 + -161?
43121
In base 10, what is 1352560 + 6?
1352566
In base 16, what is ddd3 - f49?
ce8a
In base 2, what is -10011010 - 100111110010010?
-101000000101100
In base 13, what is -8 - 4781a8?
-4781b3
In base 13, what is -2042 + a153?
8111
In base 9, what is -4 + -1074138?
-1074143
In base 14, what is -5a + 20a374?
20a318
In base 3, what is -1221 + 22112110100002?
22112110021011
In base 16, what is -13 - -5d8f18?
5d8f05
In base 15, what is 13 + -98859?
-98846
In base 16, what is 2 + 261b163?
261b165
In base 4, what is -2